44. Give v(8).
-368
Let s(r) = -14*r + 994. Give s(69).
28
Let u(b) = -b**2 - 335*b + 8741. What is u(-358)?
507
Let s(z) = -1801*z - 5087. What is s(-3)?
316
Let a(u) = -1592*u - 21880. What is a(-14)?
408
Let q(d) = 12700*d - 774705. What is q(61)?
-5
Let r(c) = -9*c**2 + 2662*c + 59875. Give r(-21).
4
Let m(f) = -11664*f - 116641. Calculate m(-10).
-1
Let q(n) = -1084*n - 20843. Determine q(-18).
-1331
Let l(x) = 2*x**2 + 41*x - 5189. Give l(-62).
-43
Let q(m) = 185835*m + 24716051. What is q(-133)?
-4
Let g(y) = 33*y**2 + 1388*y + 2630. What is g(-2)?
-14
Let b(j) = 4*j**2 - 495*j + 8476. Determine b(99).
-1325
Let t(y) = 1464825*y + 14648255. What is t(-10)?
5
Let j(k) = 2*k**2 + 22*k - 1659. Determine j(-37).
265
Let p(l) = -l**3 - 69*l**2 - 252*l + 145. Give p(-65).
-375
Let v(c) = -8291*c + 16783. Give v(2).
201
Let k(g) = 242738*g + 2912833. Calculate k(-12).
-23
Let w(m) = -95*m**3 + 1436*m**2 - 140*m - 369. Calculate w(15).
6
Let q(y) = y**2 - 2539*y + 80830. Calculate q(32).
606
Let u(a) = -50973*a + 458190. What is u(9)?
-567
Let h(c) = -7502*c - 472549. Determine h(-63).
77
Let t(n) = 12*n**3 + 25*n**2 + 18*n + 78. Give t(-4).
-362
Let m(a) = 273*a - 48114. What is m(175)?
-339
Let y(f) = -287*f**2 + 1575*f - 686. Calculate y(5).
14
Let q(j) = j**2 - 50*j - 186. Calculate q(44).
-450
Let t(k) = -65035*k - 64965. Calculate t(-1).
70
Let p(w) = 48*w**3 - 52*w**2 + 76*w - 67. Determine p(1).
5
Let j(v) = v**2 + 847*v - 9643. Give j(11).
-205
Let j(q) = 2*q**3 + 1030*q**2 - 32*q - 16617. What is j(-515)?
-137
Let m(x) = -11547*x**3 + 103922*x**2 + 29*x - 183. Calculate m(9).
-3
Let n(x) = -28391*x + 539448. Give n(19).
19
Let h(i) = i**3 - 75*i**2 + 1372*i + 1025. Determine h(35).
45
Let j(q) = 21*q**3 - 252*q**2 - 48*q + 571. Determine j(12).
-5
Let g(z) = -797*z - 114703. Give g(-144).
65
Let q(j) = 6886*j - 55048. Determine q(8).
40
Let z(s) = -s**3 + 53*s**2 + 1317*s + 6437. Calculate z(-12).
-7
Let b(x) = -x**2 + 133*x - 3212. Determine b(56).
1100
Let a(d) = -d**3 - 15*d**2 - 56*d - 13. Determine a(-12).
227
Let u(a) = 4*a**2 - 15*a - 775. Calculate u(-15).
350
Let r(s) = -2*s**2 - 1723*s - 12092. Determine r(-7).
-129
Let d(m) = -12*m**2 - 1698*m - 817. What is d(-141)?
29
Let c(z) = -114*z**2 + 980*z - 567. Give c(8).
-23
Let y(n) = -2*n**3 + 55*n**2 - 2934*n + 18523. Calculate y(7).
-6
Let g(k) = 13428*k**2 - 80627*k + 335. Determine g(6).
-19
Let u(j) = 529*j**2 + 14*j + 6. Give u(1).
549
Let l(d) = 108882*d + 1850992. What is l(-17)?
-2
Let h(i) = -107938*i + 3885765. Determine h(36).
-3
Let f(h) = -h**2 + 229*h - 5651. What is f(29)?
149
Let s(z) = -2*z**3 - 18*z**2 + 378*z - 25. Calculate s(-20).
1215
Let z(d) = -217*d**2 + 1625*d + 18. Calculate z(7).
760
Let q(r) = 290*r - 8651. Calculate q(30).
49
Let s(y) = -240*y - 21891. What is s(-87)?
-1011
Let x(z) = z**2 + 38974*z - 467839. Determine x(12).
-7
Let v(u) = -102*u**2 - 221*u - 864. Give v(-4).
-1612
Let b(m) = 8208*m + 1428183. Determine b(-174).
-9
Let z(b) = 153*b - 2598. Determine z(17).
3
Let b(s) = 4*s**3 + 41*s**2 - 10*s + 348. What is b(-12)?
-540
Let y(n) = 3*n**2 - 923*n + 27563. Calculate y(274).
-111
Let x(d) = -1220*d + 133533. What is x(109)?
553
Let s(j) = 13505*j - 54031. Determine s(4).
-11
Let r(s) = 2087*s + 680300. Determine r(-326).
-62
Let g(f) = 153*f**3 - 1833*f**2 - 40*f + 53. Give g(12).
5
Let g(z) = 37*z**2 - 765*z - 2445. Give g(23).
-467
Let g(t) = t**3 + 1169*t**2 - 72448*t - 221. Give g(59).
15
Let l(p) = -59*p**3 + 8*p**2 + 373*p - 382. Calculate l(1).
-60
Let f(t) = t**3 + 226*t**2 - 1000*t - 18418. Give f(-230).
-18
Let i(t) = -4*t**3 - 1055*t**2 + 4575*t + 5096. Calculate i(-268).
4
Let t(h) = -46*h**2 - 5618*h + 29. Calculate t(-122).
761
Let c(a) = -110*a + 3361. Calculate c(31).
-49
Let h(f) = -f**2 - 1827*f + 130750. Calculate h(69).
-74
Let m(b) = 294171*b + 31476288. Determine m(-107).
-9
Let g(c) = -c**3 - 123*c**2 - 1213*c + 5. What is g(-11)?
-204
Let j(l) = 2*l**2 - 3647*l - 43935. Give j(-12).
117
Let y(x) = -4*x**2 - 124*x + 3438. What is y(-49)?
-90
Let k(w) = -w**2 - 109*w + 16362. Give k(-193).
150
Let k(z) = -8560*z + 129172. Give k(15).
772
Let g(h) = -4*h**2 - 377*h + 3876. What is g(-104)?
-180
Let u(v) = -9409*v - 65415. Calculate u(-7).
448
Let l(y) = -325*y + 4035. What is l(13)?
-190
Let a(s) = -6495*s - 12995. What is a(-2)?
-5
Let x(r) = -105303*r - 1263668. Give x(-12).
-32
Let n(k) = k**2 + 47*k + 1185. Give n(-61).
2039
Let m(u) = -5*u**2 + 201*u + 3206. Calculate m(-13).
-252
Let v(y) = -72*y**3 - 25559*y**2 + 359*y + 1426. Determine v(-355).
6
Let m(r) = -13282*r - 305147. Determine m(-23).
339
Let n(f) = 2*f**3 + f**2 - 224*f - 1562. What is n(-8)?
-730
Let f(b) = 5348*b - 55134. Give f(10).
-1654
Let s(j) = -176*j + 19893. Calculate s(113).
5
Let z(w) = 931*w - 50220. Calculate z(54).
54
Let h(n) = n**3 - 31*n**2 + 88*n - 20. Determine h(10).
-1240
Let m(n) = 4*n**2 + 23419*n + 163725. What is m(-7)?
-12
Let i(a) = -4*a**3 + 587*a**2 - 2971*a + 458352. Give i(147).
6
Let u(p) = p**2 - 3071*p + 1057020. Calculate u(395).
0
Let m(h) = -10*h**3 + 7*h**2 + 6*h - 5. Determine m(4).
-509
Let s(u) = 2*u**2 - 150*u - 265837. Give s(-329).
-5
Let a(h) = -3276*h - 12715. Give a(-4).
389
Let u(h) = h**2 + 272*h + 5265. What is u(-251)?
-6
Let x(s) = s**2 - 184*s - 22475. Calculate x(-84).
37
Let m(p) = 621*p - 11066. Give m(18).
112
Let l(u) = 2*u**2 - 58384*u - 408789. Calculate l(-7).
-3
Let d(x) = -x**3 + 64*x**2 + 996*x + 748. What is d(77)?
363
Let f(a) = 2991*a - 20798. Give f(7).
139
Let o(t) = 3*t**3 + 31*t**2 + 56*t - 36. Determine o(-9).
-216
Let q(d) = -5*d**3 + 179*d**2 + 2645*d - 604. Give q(47).
7
Let c(u) = -8558*u - 102864. What is c(-12)?
-168
Let s(d) = -d**3 - 6*d**2 - 63*d - 351. Give s(-8).
281
Let l(o) = -16*o**2 - 4646*o + 86853. Determine l(-308).
-3
Let p(r) = 7*r**2 + 140*r + 21. Calculate p(-8).
-651
Let a(n) = 320409*n - 10573494. Determine a(33).
3
Let q(a) = -2071*a + 86993. Calculate q(42).
11
Let w(h) = -5*h**2 - 986*h + 17961. Determine w(-214).
-15
Let u(j) = j**3 - 67*j**2 + 721*j + 27. Calculate u(14).
-267
Let i(q) = 34*q**2 + 573*q + 231. Calculate i(-16).
-233
Let a(z) = 3*z**2 - 950*z + 3763. Calculate a(4).
11
Let l(t) = -572*t - 884. What is l(-1)?
-312
Let n(t) = -47*t**2 + 24054*t - 161115. What is n(505)?
-20
Let l(r) = 12*r**2 + 453*r + 1292. Calculate l(-23).
-2779
Let w(o) = 163*o - 10636. Calculate w(64).
-204
Let x(r) = 1008*r - 12485. Determine x(12).
-389
Let n(u) = u**3 + 9323*u**2 - 37304*u - 9. What is n(4)?
7
Let f(w) = -2*w**3 - 31*w**2 - 425*w - 7104. Give f(-16).
-48
Let l(m) = 3635*m - 1294084. Calculate l(356).
-24
Let z(t) = t**2 - 21967*t - 23254749. Give z(-1012).
-1
Let n(b) = 301*b**2 + 2267*b - 6818. What is n(3)?
2692
Let a(g) = 218*g**3 + g**2 - 1150*g + 1151. Determine a(1).
220
Let r(d) = 8*d**2 - 133*d - 552. Calculate r(20).
-12
Let q(t) = -6*t**2 + 1037*t - 44678. Calculate q(82).
12
Let i(j) = 9*j**2 - 760*j - 3783. What is i(89)?
-134
Let h(u) = -u**3 + 130*u**2 + 16*u - 5810. Determine h(130).
-3730
Let q(c) = -794*c + 8362. Give q(11).
-372
Let l(t) = t**2 + 5817*t - 93373. What is l(16)?
-45
Let v(q) = -7*q - 1036. What is v(-173)?
175
Let x(n) = -3*n**3 - 247*n**2 - 3781*n + 59. What is x(-62)?
-3
Let k(q) = 3689*q - 55338. What is k(15)?
-3
Let t(l) = -l**2 + 378*l + 8898. What is t(-20)?
938
Let t(o) = 215*o - 97391. Determine t(453).
4
Let v(j) = -j**3 + 228*j**2 + 2263*j - 30822. Determine v(237).
-12
Let i(x) = -43823*x + 23971178. What is i(547)?
-3
Let f(t) = -5*t**3 + 903*t**2 + 367*t - 829. What is f(181)?
76
Let h(x) = 136619*x + 136609. What is h(-1)?
-10
Let d(o) = -174*o - 14144. What is d(-82)?
124
Let b(n) = -275832*n + 1379190. What is b(5)?
30
Let h(t) = -t**3 - 253*t**2 + 258*t + 1011. Give h(-254).
-5
Let s(h) = -159*h - 16800. Give s(-95).
-1695
Let p(u) = -u**2 - 2087*u - 276940. Calculate p(-142).
-750
Let v(y) = y**2 - 6874*y + 89230. What is v(13)?
37
Let a(x) = 130326*x - 4822088. Determine a(37).
-26
Let r(o) = o**3 + 35*o**2 - 13486*o - 151251. Give r(-11).
-1
Let p(n) = -130699*n - 392088. Calculate p(-3).
9
Let r(i) = -i**3 + 23*i**2 + 144*i + 2985. What is r(31)?
-239
Let b(z) = -z**3 + 50*z**2 - 